, -4*p + 3*p = -5*y + 364. Calculate the greatest common factor of y and 18.
18
Suppose 25*x = 397 - 47. Let j be -1*1*(-1 + -14). Suppose 3*f + 1 = -2*y, 35 = 5*y - 3*f - j. Calculate the greatest common divisor of x and y.
7
Suppose 0 = 3*k + 5 + 10. Let m(y) = y + 1. Let h be m(k). Let x be (-1)/2 - 10/h. Calculate the greatest common divisor of 8 and x.
2
Let q be (-2 + 3)*81/(-3). Let i = 49 + q. Calculate the greatest common factor of i and 198.
22
Suppose -2*n + 6*l - 3*l + 33 = 0, l = n - 14. What is the greatest common factor of 36 and n?
9
Suppose -3*d - 2*d = -5. What is the highest common divisor of 1 and d?
1
Let q = -1 + 1. Suppose -5*p + 0*p + 20 = q. Suppose -5*r + p*s = -112, -2*r - 5*s + 6 = -19. What is the greatest common divisor of 5 and r?
5
Suppose -3*o - 3 - 6 = 0. Let w be o/(-12) - (-94)/8. What is the greatest common divisor of w and 72?
12
Let d = -63 - -115. Suppose 3*w = 6 + 6. Suppose 71 = w*s + 19. Calculate the highest common factor of s and d.
13
Suppose 5*q - 15 = -4*r + 15, -4*q + 24 = 3*r. Let x be -5*(-1 + 0 - 2). Calculate the greatest common divisor of q and x.
3
Suppose -4*o + 54 = o - 4*s, -o + 4*s = -14. What is the greatest common divisor of 4 and o?
2
Let r = -101 - -110. Calculate the highest common factor of r and 45.
9
Let x = -3 - 1. Let f be -8*6/x*6. Calculate the greatest common divisor of f and 9.
9
Suppose 0 = 4*t - 0*t. Suppose 3*b - 1 - 32 = t. Let d be (-1 + 2)/(1/11). What is the greatest common divisor of b and d?
11
Let l = -3 - -7. Calculate the greatest common divisor of 28 and l.
4
Suppose 15 = 5*n - 85. What is the greatest common divisor of 40 and n?
20
Suppose -g - 52 = -426. What is the highest common divisor of 34 and g?
34
Let o = -9 - -81. Let q be (-2 + 0 + 1)*4. Let i be 9 - 3/(-1 - q). What is the greatest common divisor of i and o?
8
Let q(r) = r. Let y(s) = -7*s**2 + 3. Let z(c) = -4*q(c) - y(c). Let x be z(-2). What is the highest common factor of 22 and x?
11
Let q = 32 - 7. Suppose -q = -9*z + 4*z. Calculate the greatest common factor of 45 and z.
5
Suppose -4 + 14 = 4*t - 2*s, 2*t - 3 = 3*s. Suppose -t*q + 33 = -0*q. What is the greatest common factor of q and 121?
11
Let p = -32 - -18. Let y be (-372)/(-21) - 4/p. What is the greatest common factor of y and 2?
2
Let f = 25 + -17. Let a be (-10 + 6)*(-198)/f. Calculate the greatest common divisor of a and 11.
11
Suppose 2*y = -3*y + 1825. Suppose -2*v + 3*s = -4*v + 195, 4*v = -s + y. Suppose -3*r + 30 = -0*r. What is the greatest common factor of r and v?
10
Let b(s) = s**2 - 1. Let d be b(3). Calculate the greatest common divisor of d and 1.
1
Let c(a) = -a**2 - a - 1. Let n be c(-2). Let t be (-33)/9 + n/9. Let f(l) = -17*l - 3. Let d be f(t). Calculate the greatest common divisor of 13 and d.
13
Let f(o) = o**2 + 12. Let h be f(0). What is the highest common divisor of 108 and h?
12
Let k be (-5)/(-3) + 16/(-24). Let w be 143 + 0/2 + k. Calculate the greatest common factor of w and 16.
16
Suppose 7*r - 3*r - 5*d - 30 = 0, 4*r = -4*d + 12. Suppose 0 = -5*t + 19 - 4, -r*t = 3*o - 45. Calculate the highest common divisor of o and 25.
5
Let t = 13 - 3. Suppose -t - 2 = -3*l, -52 = -f + 2*l. What is the highest common factor of f and 12?
12
Let j be 9/(2 + (-17)/10). Let l be (-2)/((-2)/j - 0). Calculate the greatest common divisor of 10 and l.
10
Let g(m) = 9*m**2 + 3*m + 3. Let t be g(5). What is the highest common divisor of 27 and t?
27
Suppose -5*n + 0 = 5*s - 20, 4*s + 2*n - 14 = 0. Suppose -38 = -4*v + q, -s*q + 6*q + 33 = 3*v. What is the greatest common divisor of v and 3?
3
Let l be (-6)/(-84)*4 + (-110)/(-7). Let w(m) = 3*m**2 - 2*m + 3. Let d be w(3). Calculate the greatest common factor of l and d.
8
Suppose -3*r + 3*g = 2*r - 28, -8 = -r + 3*g. Suppose r*i - 11 = 4*i. Calculate the greatest common factor of i and 77.
11
Let m be 1/(-5) - 1267/(-35). Suppose -2*j + 6*c - c + 23 = 0, -2*c = -j + 10. What is the greatest common divisor of j and m?
4
Let c = -31 - -91. Let h(g) = 4*g**2 - 3*g + 2. Let m be h(2). What is the highest common factor of m and c?
12
Suppose 3*a + 21 + 3 = f, 5*a = -4*f - 57. Let d be (-164)/a - (-4)/(-18). Suppose d + 0 = 3*n. Calculate the highest common factor of n and 4.
2
Suppose -6*w + 231 = w. What is the highest common factor of 33 and w?
33
Suppose -13 = -n + 5*p, -5*n - 5*p + 33 + 32 = 0. Calculate the greatest common factor of 13 and n.
13
Let t be ((-38)/14 - -3) + 1464/21. What is the greatest common divisor of t and 28?
14
Let t = 216 + -88. Calculate the greatest common factor of t and 16.
16
Let k be (6/2)/((-9)/(-99)). Calculate the greatest common divisor of 11 and k.
11
Suppose -c - 4*x + 19 = 0, -2*c + 0*x + 18 = 3*x. What is the highest common divisor of c and 6?
3
Let a(v) = -v**3 + 11*v**2 - 9*v + 15. Let f be a(10). What is the highest common divisor of 25 and f?
25
Suppose -7 = -3*k + 20. Let r be (3 - 5) + (12 - 1). What is the greatest common factor of r and k?
9
Let n = 6 + -1. Suppose 0 = -n*t + 3*t + 54. Let x be ((-5)/15)/((-1)/t). Calculate the highest common divisor of 72 and x.
9
Let u(v) = v**3 - 12*v**2 + 3*v - 1. Let c be u(13). Suppose c = 4*z - 17. What is the highest common divisor of 7 and z?
7
Suppose -2*a + 3*l = -11, -5*a = 4*l - 91 + 6. Suppose i - 2*i - 2*s + a = 0, 4*i - 16 = 4*s. Calculate the highest common divisor of 42 and i.
7
Suppose -135 = -7*v + 2*v. Let s = v + 17. What is the greatest common factor of 11 and s?
11
Let c = 7 + -5. Suppose -170 = -5*k - 5*g, 5*k - 5*g - 162 = -c*g. What is the greatest common factor of k and 22?
11
Let h be 0 - 0 - -2*3. Let p be 90/14 + (-3)/7. What is the greatest common divisor of h and p?
6
Let z(g) be the second derivative of -9*g**5/20 + g**4/12 + g**3/3 + g**2/2 - g. Let l be z(-1). What is the greatest common factor of 63 and l?
9
Suppose -2*u + 3*a - 25 = -242, 0 = 5*u + 4*a - 508. What is the highest common divisor of 8 and u?
8
Let w(q) = -2*q**3 + 13*q**2 + 8*q - 3. Let m be w(7). Calculate the highest common factor of 40 and m.
4
Let o = 39 - -21. Let b be (o/9)/((-2)/(-6)). Calculate the greatest common divisor of 5 and b.
5
Suppose 3*o = 5*o + 4*f - 24, 0 = -5*o - 4*f + 66. What is the highest common factor of 28 and o?
14
Let q be ((-2)/3)/((-2)/12). Let z be (7 - q/(-2)) + 1. What is the highest common divisor of 70 and z?
10
Suppose -5*b + 4*b + 2 = 0. Let k = -17 - -39. What is the greatest common divisor of b and k?
2
Let a be 5/((-278)/70 - -4). What is the highest common factor of 70 and a?
35
Suppose 4*t + 1 = 21. Suppose -5*n = -4*p + 68, -70 = -t*p + n - 6. What is the highest common factor of p and 84?
12
Suppose -b - 4*a = -20, 4*b + 0*b + 4*a - 68 = 0. Calculate the greatest common divisor of 24 and b.
8
Let r be 10/(-25) + 12/5. Suppose o + r*o = 63. What is the greatest common divisor of 3 and o?
3
Let q be 5/(-4) - 313/(-4). Calculate the greatest common factor of q and 7.
7
Let c(w) = -15*w**3 - w**2 - 2*w + 1. Let v be c(-2). Let s(n) = 10*n**3 + 3*n - 2. Let f be s(1). Calculate the highest common divisor of f and v.
11
Let u = -2 + 4. Suppose -5*j + 3 = a - 22, 0 = -3*j + 5*a + 15. Suppose -z + 4*h = 2*h, j*h = -z + 21. Calculate the highest common divisor of z and u.
2
Suppose -5*a - 145 = 5*h - 0*h, 0 = -2*h + a - 52. Let k be h/(4/(16/(-6))). Suppose 5*n - 2*n - 27 = 0. What is the highest common divisor of n and k?
9
Let r(z) be the third derivative of 5*z**4/3 + z**3/3 + z**2. Let b be r(1). Calculate the highest common divisor of 6 and b.
6
Suppose -3*j - 4 = -4*j. Calculate the highest common factor of 6 and j.
2
Suppose -z = -4*z + 12. Let i be 1/(-4) + 82/8. Suppose i = z*u + u. Calculate the greatest common divisor of 18 and u.
2
Let d = -3 - -3. Suppose d = a - 33 + 6. What is the highest common factor of a and 9?
9
Let m = 41 - 28. Let n be ((-1)/(-2))/((-5)/(-390)). Calculate the greatest common factor of n and m.
13
Let q be (6/((-12)/5))/((-1)/26). Calculate the greatest common divisor of q and 13.
13
Suppose -2*y + 9 + 5 = 0. Calculate the greatest common factor of y and 77.
7
Let m(w) = -w**3 + 5*w**2 + 2. Let t be m(5). What is the highest common divisor of 8 and t?
2
Let k be (-518)/(-35) + 2/10. Let z be 6/k*(-2 + 17). Suppose 5*l = -